{"id":5400,"date":"2023-11-24T16:22:24","date_gmt":"2023-11-24T22:22:24","guid":{"rendered":"http:\/\/edicioneselnaranjo.com.mx\/tienda\/?post_type=product&#038;p=5400"},"modified":"2026-01-19T16:55:29","modified_gmt":"2026-01-19T22:55:29","slug":"los-vampiros-regresan-en-primavera","status":"publish","type":"product","link":"https:\/\/edicioneselnaranjo.com.mx\/tienda\/producto\/los-vampiros-regresan-en-primavera\/","title":{"rendered":"Los vampiros regresan en primavera"},"content":{"rendered":"<table>\n<tbody>\n<tr>\n<td>G\u00e9nero<\/td>\n<td>Novela<\/td>\n<\/tr>\n<tr>\n<td>Encuadernaci\u00f3n<\/td>\n<td>R\u00fastica<\/td>\n<\/tr>\n<tr>\n<td>A\u00f1o<\/td>\n<td>2023<\/td>\n<\/tr>\n<tr>\n<td>Edici\u00f3n<\/td>\n<td>Primera<\/td>\n<\/tr>\n<tr>\n<td>P\u00e1ginas<\/td>\n<td>\u00a0152 pp<\/td>\n<\/tr>\n<tr>\n<td>Formato<\/td>\n<td>15 x 21 cm<\/td>\n<\/tr>\n<tr>\n<td>Impresi\u00f3n<\/td>\n<td>2 tintas<\/td>\n<\/tr>\n<tr>\n<td>Peso<\/td>\n<td>150 g<\/td>\n<\/tr>\n<tr>\n<td>ISBN<\/td>\n<td>\n<p class=\"p1\">978-607-8807-52-9<\/p>\n<\/td>\n<\/tr>\n<tr>\n<td>Sello editorial<\/td>\n<td>Ediciones El Naranjo<\/td>\n<\/tr>\n<\/tbody>\n<\/table>\n<p>&nbsp;<\/p>\n","protected":false},"excerpt":{"rendered":"<div class=\"serif rplcr-container\">\n<p>Texto de Juan Carlos Quezadas<br \/>\nIlustraciones de Emmanuel Pe\u00f1a<\/p>\n<p>Sinopsis. Bruno es un poeta, aunque a\u00fan no lo sabe. Tiene 13 a\u00f1os, siempre viste de negro (incluso en verano) y vive en Lisboa con su pap\u00e1 y su camale\u00f3n Carlos. Ana es su nueva vecina y, en cuanto se conocen, se hacen amigos. Solamente que Ana no cree que los vampiros existan, piensa que son teor\u00edas falsas de internet. Pero Bruno s\u00ed. \u00c9l sabe que hace cientos de a\u00f1os, en las entra\u00f1as de la Tierra, vampiros, hombres y seres subterr\u00e1neos pelearon una guerra que provoc\u00f3 terremotos, pestes y derrumbes. Tambi\u00e9n que por varios siglos las cosas se mantuvieron en calma, pero ahora los vampiros han resurgido y quieren venganza. Bruno lo cuenta en un c\u00f3mic que est\u00e1 dibujando ya que todo indica que regresar\u00e1n en la noche de Walpurgis para celebrar un aquelarre y as\u00ed recomenzar la guerra. \u00bfQui\u00e9n tendr\u00e1 la raz\u00f3n?<\/p>\n<\/div>\n","protected":false},"featured_media":5402,"template":"","meta":[],"product_brand":[],"product_cat":[15],"product_tag":[89,379,378,135],"class_list":{"0":"post-5400","1":"product","2":"type-product","3":"status-publish","4":"has-post-thumbnail","6":"product_cat-catalogo","7":"product_tag-amistad","8":"product_tag-portugal","9":"product_tag-vampiros","10":"product_tag-viajes","11":"pa_buen-fin-10-al-20","13":"first","14":"instock","15":"shipping-taxable","16":"purchasable","17":"product-type-simple"},"yoast_head":"<!-- This site is optimized with the Yoast SEO plugin v27.3 - https:\/\/yoast.com\/product\/yoast-seo-wordpress\/ -->\n<title>Los vampiros regresan en primavera - Tienda Ediciones El Naranjo<\/title>\n<meta name=\"description\" content=\"Bruno es un poeta, aunque a\u00fan no lo sabe. Tiene 13 a\u00f1os, siempre viste de negro (incluso en verano) y vive en Lisboa con su pap\u00e1 y su camale\u00f3n Carlos. Ana es su nueva vecina y, en cuanto se conocen, se hacen amigos. Solamente que Ana no cree que los vampiros existan, piensa que son teor\u00edas falsas de internet. Pero Bruno s\u00ed. \u00c9l sabe que hace cientos de a\u00f1os, en las entra\u00f1as de la Tierra, vampiros, hombres y seres subterr\u00e1neos pelearon una guerra que provoc\u00f3 terremotos, pestes y derrumbes. Tambi\u00e9n que por varios siglos las cosas se mantuvieron en calma, pero ahora los vampiros han resurgido y quieren venganza. Bruno lo cuenta en un c\u00f3mic que est\u00e1 dibujando ya que todo indica que regresar\u00e1n en la noche de Walpurgis para celebrar un aquelarre y as\u00ed recomenzar la guerra. \u00bfQui\u00e9n tendr\u00e1 la raz\u00f3n?\" \/>\n<meta name=\"robots\" content=\"index, follow, max-snippet:-1, max-image-preview:large, max-video-preview:-1\" \/>\n<link rel=\"canonical\" href=\"https:\/\/edicioneselnaranjo.com.mx\/tienda\/producto\/los-vampiros-regresan-en-primavera\/\" \/>\n<meta property=\"og:locale\" content=\"es_MX\" \/>\n<meta property=\"og:type\" content=\"article\" \/>\n<meta property=\"og:title\" content=\"Los vampiros regresan en primavera - Tienda Ediciones El Naranjo\" \/>\n<meta property=\"og:description\" content=\"Bruno es un poeta, aunque a\u00fan no lo sabe. Tiene 13 a\u00f1os, siempre viste de negro (incluso en verano) y vive en Lisboa con su pap\u00e1 y su camale\u00f3n Carlos. Ana es su nueva vecina y, en cuanto se conocen, se hacen amigos. Solamente que Ana no cree que los vampiros existan, piensa que son teor\u00edas falsas de internet. Pero Bruno s\u00ed. \u00c9l sabe que hace cientos de a\u00f1os, en las entra\u00f1as de la Tierra, vampiros, hombres y seres subterr\u00e1neos pelearon una guerra que provoc\u00f3 terremotos, pestes y derrumbes. Tambi\u00e9n que por varios siglos las cosas se mantuvieron en calma, pero ahora los vampiros han resurgido y quieren venganza. Bruno lo cuenta en un c\u00f3mic que est\u00e1 dibujando ya que todo indica que regresar\u00e1n en la noche de Walpurgis para celebrar un aquelarre y as\u00ed recomenzar la guerra. \u00bfQui\u00e9n tendr\u00e1 la raz\u00f3n?\" \/>\n<meta property=\"og:url\" content=\"https:\/\/edicioneselnaranjo.com.mx\/tienda\/producto\/los-vampiros-regresan-en-primavera\/\" \/>\n<meta property=\"og:site_name\" content=\"Tienda Ediciones El Naranjo\" \/>\n<meta property=\"article:modified_time\" content=\"2026-01-19T22:55:29+00:00\" \/>\n<meta property=\"og:image\" content=\"https:\/\/edicioneselnaranjo.com.mx\/tienda\/wp-content\/uploads\/2023\/11\/p-vampiros.jpg\" \/>\n\t<meta property=\"og:image:width\" content=\"900\" \/>\n\t<meta property=\"og:image:height\" content=\"900\" \/>\n\t<meta property=\"og:image:type\" content=\"image\/jpeg\" \/>\n<meta name=\"twitter:card\" content=\"summary_large_image\" \/>\n<meta name=\"twitter:label1\" content=\"Tiempo de lectura\" \/>\n\t<meta name=\"twitter:data1\" content=\"1 minuto\" \/>\n<script type=\"application\/ld+json\" class=\"yoast-schema-graph\">{\"@context\":\"https:\\\/\\\/schema.org\",\"@graph\":[{\"@type\":\"WebPage\",\"@id\":\"https:\\\/\\\/edicioneselnaranjo.com.mx\\\/tienda\\\/producto\\\/los-vampiros-regresan-en-primavera\\\/\",\"url\":\"https:\\\/\\\/edicioneselnaranjo.com.mx\\\/tienda\\\/producto\\\/los-vampiros-regresan-en-primavera\\\/\",\"name\":\"Los vampiros regresan en primavera - Tienda Ediciones El Naranjo\",\"isPartOf\":{\"@id\":\"https:\\\/\\\/edicioneselnaranjo.com.mx\\\/tienda\\\/#website\"},\"primaryImageOfPage\":{\"@id\":\"https:\\\/\\\/edicioneselnaranjo.com.mx\\\/tienda\\\/producto\\\/los-vampiros-regresan-en-primavera\\\/#primaryimage\"},\"image\":{\"@id\":\"https:\\\/\\\/edicioneselnaranjo.com.mx\\\/tienda\\\/producto\\\/los-vampiros-regresan-en-primavera\\\/#primaryimage\"},\"thumbnailUrl\":\"https:\\\/\\\/edicioneselnaranjo.com.mx\\\/tienda\\\/wp-content\\\/uploads\\\/2023\\\/11\\\/p-vampiros.jpg\",\"datePublished\":\"2023-11-24T22:22:24+00:00\",\"dateModified\":\"2026-01-19T22:55:29+00:00\",\"description\":\"Bruno es un poeta, aunque a\u00fan no lo sabe. Tiene 13 a\u00f1os, siempre viste de negro (incluso en verano) y vive en Lisboa con su pap\u00e1 y su camale\u00f3n Carlos. Ana es su nueva vecina y, en cuanto se conocen, se hacen amigos. Solamente que Ana no cree que los vampiros existan, piensa que son teor\u00edas falsas de internet. Pero Bruno s\u00ed. \u00c9l sabe que hace cientos de a\u00f1os, en las entra\u00f1as de la Tierra, vampiros, hombres y seres subterr\u00e1neos pelearon una guerra que provoc\u00f3 terremotos, pestes y derrumbes. Tambi\u00e9n que por varios siglos las cosas se mantuvieron en calma, pero ahora los vampiros han resurgido y quieren venganza. Bruno lo cuenta en un c\u00f3mic que est\u00e1 dibujando ya que todo indica que regresar\u00e1n en la noche de Walpurgis para celebrar un aquelarre y as\u00ed recomenzar la guerra. \u00bfQui\u00e9n tendr\u00e1 la raz\u00f3n?\",\"breadcrumb\":{\"@id\":\"https:\\\/\\\/edicioneselnaranjo.com.mx\\\/tienda\\\/producto\\\/los-vampiros-regresan-en-primavera\\\/#breadcrumb\"},\"inLanguage\":\"es\",\"potentialAction\":[{\"@type\":\"ReadAction\",\"target\":[\"https:\\\/\\\/edicioneselnaranjo.com.mx\\\/tienda\\\/producto\\\/los-vampiros-regresan-en-primavera\\\/\"]}]},{\"@type\":\"ImageObject\",\"inLanguage\":\"es\",\"@id\":\"https:\\\/\\\/edicioneselnaranjo.com.mx\\\/tienda\\\/producto\\\/los-vampiros-regresan-en-primavera\\\/#primaryimage\",\"url\":\"https:\\\/\\\/edicioneselnaranjo.com.mx\\\/tienda\\\/wp-content\\\/uploads\\\/2023\\\/11\\\/p-vampiros.jpg\",\"contentUrl\":\"https:\\\/\\\/edicioneselnaranjo.com.mx\\\/tienda\\\/wp-content\\\/uploads\\\/2023\\\/11\\\/p-vampiros.jpg\",\"width\":900,\"height\":900},{\"@type\":\"BreadcrumbList\",\"@id\":\"https:\\\/\\\/edicioneselnaranjo.com.mx\\\/tienda\\\/producto\\\/los-vampiros-regresan-en-primavera\\\/#breadcrumb\",\"itemListElement\":[{\"@type\":\"ListItem\",\"position\":1,\"name\":\"Inicio\",\"item\":\"https:\\\/\\\/edicioneselnaranjo.com.mx\\\/tienda\\\/\"},{\"@type\":\"ListItem\",\"position\":2,\"name\":\"Los vampiros regresan en primavera\"}]},{\"@type\":\"WebSite\",\"@id\":\"https:\\\/\\\/edicioneselnaranjo.com.mx\\\/tienda\\\/#website\",\"url\":\"https:\\\/\\\/edicioneselnaranjo.com.mx\\\/tienda\\\/\",\"name\":\"Tienda Ediciones El Naranjo\",\"description\":\"Tienda en l&iacute;nea de Ediciones El Naranjo\",\"publisher\":{\"@id\":\"https:\\\/\\\/edicioneselnaranjo.com.mx\\\/tienda\\\/#organization\"},\"potentialAction\":[{\"@type\":\"SearchAction\",\"target\":{\"@type\":\"EntryPoint\",\"urlTemplate\":\"https:\\\/\\\/edicioneselnaranjo.com.mx\\\/tienda\\\/?s={search_term_string}\"},\"query-input\":{\"@type\":\"PropertyValueSpecification\",\"valueRequired\":true,\"valueName\":\"search_term_string\"}}],\"inLanguage\":\"es\"},{\"@type\":\"Organization\",\"@id\":\"https:\\\/\\\/edicioneselnaranjo.com.mx\\\/tienda\\\/#organization\",\"name\":\"Tienda Ediciones El Naranjo\",\"url\":\"https:\\\/\\\/edicioneselnaranjo.com.mx\\\/tienda\\\/\",\"logo\":{\"@type\":\"ImageObject\",\"inLanguage\":\"es\",\"@id\":\"https:\\\/\\\/edicioneselnaranjo.com.mx\\\/tienda\\\/#\\\/schema\\\/logo\\\/image\\\/\",\"url\":\"https:\\\/\\\/edicioneselnaranjo.com.mx\\\/tienda\\\/wp-content\\\/uploads\\\/2020\\\/09\\\/logo-imagen-tienda.png\",\"contentUrl\":\"https:\\\/\\\/edicioneselnaranjo.com.mx\\\/tienda\\\/wp-content\\\/uploads\\\/2020\\\/09\\\/logo-imagen-tienda.png\",\"width\":700,\"height\":140,\"caption\":\"Tienda Ediciones El Naranjo\"},\"image\":{\"@id\":\"https:\\\/\\\/edicioneselnaranjo.com.mx\\\/tienda\\\/#\\\/schema\\\/logo\\\/image\\\/\"}}]}<\/script>\n<!-- \/ Yoast SEO plugin. -->","yoast_head_json":{"title":"Los vampiros regresan en primavera - Tienda Ediciones El Naranjo","description":"Bruno es un poeta, aunque a\u00fan no lo sabe. Tiene 13 a\u00f1os, siempre viste de negro (incluso en verano) y vive en Lisboa con su pap\u00e1 y su camale\u00f3n Carlos. Ana es su nueva vecina y, en cuanto se conocen, se hacen amigos. Solamente que Ana no cree que los vampiros existan, piensa que son teor\u00edas falsas de internet. Pero Bruno s\u00ed. \u00c9l sabe que hace cientos de a\u00f1os, en las entra\u00f1as de la Tierra, vampiros, hombres y seres subterr\u00e1neos pelearon una guerra que provoc\u00f3 terremotos, pestes y derrumbes. Tambi\u00e9n que por varios siglos las cosas se mantuvieron en calma, pero ahora los vampiros han resurgido y quieren venganza. Bruno lo cuenta en un c\u00f3mic que est\u00e1 dibujando ya que todo indica que regresar\u00e1n en la noche de Walpurgis para celebrar un aquelarre y as\u00ed recomenzar la guerra. \u00bfQui\u00e9n tendr\u00e1 la raz\u00f3n?","robots":{"index":"index","follow":"follow","max-snippet":"max-snippet:-1","max-image-preview":"max-image-preview:large","max-video-preview":"max-video-preview:-1"},"canonical":"https:\/\/edicioneselnaranjo.com.mx\/tienda\/producto\/los-vampiros-regresan-en-primavera\/","og_locale":"es_MX","og_type":"article","og_title":"Los vampiros regresan en primavera - Tienda Ediciones El Naranjo","og_description":"Bruno es un poeta, aunque a\u00fan no lo sabe. Tiene 13 a\u00f1os, siempre viste de negro (incluso en verano) y vive en Lisboa con su pap\u00e1 y su camale\u00f3n Carlos. Ana es su nueva vecina y, en cuanto se conocen, se hacen amigos. Solamente que Ana no cree que los vampiros existan, piensa que son teor\u00edas falsas de internet. Pero Bruno s\u00ed. \u00c9l sabe que hace cientos de a\u00f1os, en las entra\u00f1as de la Tierra, vampiros, hombres y seres subterr\u00e1neos pelearon una guerra que provoc\u00f3 terremotos, pestes y derrumbes. Tambi\u00e9n que por varios siglos las cosas se mantuvieron en calma, pero ahora los vampiros han resurgido y quieren venganza. Bruno lo cuenta en un c\u00f3mic que est\u00e1 dibujando ya que todo indica que regresar\u00e1n en la noche de Walpurgis para celebrar un aquelarre y as\u00ed recomenzar la guerra. \u00bfQui\u00e9n tendr\u00e1 la raz\u00f3n?","og_url":"https:\/\/edicioneselnaranjo.com.mx\/tienda\/producto\/los-vampiros-regresan-en-primavera\/","og_site_name":"Tienda Ediciones El Naranjo","article_modified_time":"2026-01-19T22:55:29+00:00","og_image":[{"width":900,"height":900,"url":"https:\/\/edicioneselnaranjo.com.mx\/tienda\/wp-content\/uploads\/2023\/11\/p-vampiros.jpg","type":"image\/jpeg"}],"twitter_card":"summary_large_image","twitter_misc":{"Tiempo de lectura":"1 minuto"},"schema":{"@context":"https:\/\/schema.org","@graph":[{"@type":"WebPage","@id":"https:\/\/edicioneselnaranjo.com.mx\/tienda\/producto\/los-vampiros-regresan-en-primavera\/","url":"https:\/\/edicioneselnaranjo.com.mx\/tienda\/producto\/los-vampiros-regresan-en-primavera\/","name":"Los vampiros regresan en primavera - Tienda Ediciones El Naranjo","isPartOf":{"@id":"https:\/\/edicioneselnaranjo.com.mx\/tienda\/#website"},"primaryImageOfPage":{"@id":"https:\/\/edicioneselnaranjo.com.mx\/tienda\/producto\/los-vampiros-regresan-en-primavera\/#primaryimage"},"image":{"@id":"https:\/\/edicioneselnaranjo.com.mx\/tienda\/producto\/los-vampiros-regresan-en-primavera\/#primaryimage"},"thumbnailUrl":"https:\/\/edicioneselnaranjo.com.mx\/tienda\/wp-content\/uploads\/2023\/11\/p-vampiros.jpg","datePublished":"2023-11-24T22:22:24+00:00","dateModified":"2026-01-19T22:55:29+00:00","description":"Bruno es un poeta, aunque a\u00fan no lo sabe. Tiene 13 a\u00f1os, siempre viste de negro (incluso en verano) y vive en Lisboa con su pap\u00e1 y su camale\u00f3n Carlos. Ana es su nueva vecina y, en cuanto se conocen, se hacen amigos. Solamente que Ana no cree que los vampiros existan, piensa que son teor\u00edas falsas de internet. Pero Bruno s\u00ed. \u00c9l sabe que hace cientos de a\u00f1os, en las entra\u00f1as de la Tierra, vampiros, hombres y seres subterr\u00e1neos pelearon una guerra que provoc\u00f3 terremotos, pestes y derrumbes. Tambi\u00e9n que por varios siglos las cosas se mantuvieron en calma, pero ahora los vampiros han resurgido y quieren venganza. Bruno lo cuenta en un c\u00f3mic que est\u00e1 dibujando ya que todo indica que regresar\u00e1n en la noche de Walpurgis para celebrar un aquelarre y as\u00ed recomenzar la guerra. \u00bfQui\u00e9n tendr\u00e1 la raz\u00f3n?","breadcrumb":{"@id":"https:\/\/edicioneselnaranjo.com.mx\/tienda\/producto\/los-vampiros-regresan-en-primavera\/#breadcrumb"},"inLanguage":"es","potentialAction":[{"@type":"ReadAction","target":["https:\/\/edicioneselnaranjo.com.mx\/tienda\/producto\/los-vampiros-regresan-en-primavera\/"]}]},{"@type":"ImageObject","inLanguage":"es","@id":"https:\/\/edicioneselnaranjo.com.mx\/tienda\/producto\/los-vampiros-regresan-en-primavera\/#primaryimage","url":"https:\/\/edicioneselnaranjo.com.mx\/tienda\/wp-content\/uploads\/2023\/11\/p-vampiros.jpg","contentUrl":"https:\/\/edicioneselnaranjo.com.mx\/tienda\/wp-content\/uploads\/2023\/11\/p-vampiros.jpg","width":900,"height":900},{"@type":"BreadcrumbList","@id":"https:\/\/edicioneselnaranjo.com.mx\/tienda\/producto\/los-vampiros-regresan-en-primavera\/#breadcrumb","itemListElement":[{"@type":"ListItem","position":1,"name":"Inicio","item":"https:\/\/edicioneselnaranjo.com.mx\/tienda\/"},{"@type":"ListItem","position":2,"name":"Los vampiros regresan en primavera"}]},{"@type":"WebSite","@id":"https:\/\/edicioneselnaranjo.com.mx\/tienda\/#website","url":"https:\/\/edicioneselnaranjo.com.mx\/tienda\/","name":"Tienda Ediciones El Naranjo","description":"Tienda en l&iacute;nea de Ediciones El Naranjo","publisher":{"@id":"https:\/\/edicioneselnaranjo.com.mx\/tienda\/#organization"},"potentialAction":[{"@type":"SearchAction","target":{"@type":"EntryPoint","urlTemplate":"https:\/\/edicioneselnaranjo.com.mx\/tienda\/?s={search_term_string}"},"query-input":{"@type":"PropertyValueSpecification","valueRequired":true,"valueName":"search_term_string"}}],"inLanguage":"es"},{"@type":"Organization","@id":"https:\/\/edicioneselnaranjo.com.mx\/tienda\/#organization","name":"Tienda Ediciones El Naranjo","url":"https:\/\/edicioneselnaranjo.com.mx\/tienda\/","logo":{"@type":"ImageObject","inLanguage":"es","@id":"https:\/\/edicioneselnaranjo.com.mx\/tienda\/#\/schema\/logo\/image\/","url":"https:\/\/edicioneselnaranjo.com.mx\/tienda\/wp-content\/uploads\/2020\/09\/logo-imagen-tienda.png","contentUrl":"https:\/\/edicioneselnaranjo.com.mx\/tienda\/wp-content\/uploads\/2020\/09\/logo-imagen-tienda.png","width":700,"height":140,"caption":"Tienda Ediciones El Naranjo"},"image":{"@id":"https:\/\/edicioneselnaranjo.com.mx\/tienda\/#\/schema\/logo\/image\/"}}]}},"_links":{"self":[{"href":"https:\/\/edicioneselnaranjo.com.mx\/tienda\/wp-json\/wp\/v2\/product\/5400","targetHints":{"allow":["GET"]}}],"collection":[{"href":"https:\/\/edicioneselnaranjo.com.mx\/tienda\/wp-json\/wp\/v2\/product"}],"about":[{"href":"https:\/\/edicioneselnaranjo.com.mx\/tienda\/wp-json\/wp\/v2\/types\/product"}],"wp:featuredmedia":[{"embeddable":true,"href":"https:\/\/edicioneselnaranjo.com.mx\/tienda\/wp-json\/wp\/v2\/media\/5402"}],"wp:attachment":[{"href":"https:\/\/edicioneselnaranjo.com.mx\/tienda\/wp-json\/wp\/v2\/media?parent=5400"}],"wp:term":[{"taxonomy":"product_brand","embeddable":true,"href":"https:\/\/edicioneselnaranjo.com.mx\/tienda\/wp-json\/wp\/v2\/product_brand?post=5400"},{"taxonomy":"product_cat","embeddable":true,"href":"https:\/\/edicioneselnaranjo.com.mx\/tienda\/wp-json\/wp\/v2\/product_cat?post=5400"},{"taxonomy":"product_tag","embeddable":true,"href":"https:\/\/edicioneselnaranjo.com.mx\/tienda\/wp-json\/wp\/v2\/product_tag?post=5400"}],"curies":[{"name":"wp","href":"https:\/\/api.w.org\/{rel}","templated":true}]}}